{"id":320,"date":"2024-03-12T11:36:47","date_gmt":"2024-03-12T10:36:47","guid":{"rendered":"http:\/\/juvignac-rc.fr\/V2024\/?page_id=320"},"modified":"2025-02-07T12:30:25","modified_gmt":"2025-02-07T11:30:25","slug":"plan-dacces","status":"publish","type":"page","link":"https:\/\/juvignac-rc.fr\/index.php\/plan-dacces\/","title":{"rendered":"Plan d&rsquo;acc\u00e8s"},"content":{"rendered":"\t\t<div data-elementor-type=\"wp-page\" data-elementor-id=\"320\" class=\"elementor elementor-320\" data-elementor-post-type=\"page\">\n\t\t\t\t<div class=\"elementor-element elementor-element-b74b200 e-flex e-con-boxed e-con e-parent\" data-id=\"b74b200\" data-element_type=\"container\">\n\t\t\t\t\t<div class=\"e-con-inner\">\n\t\t\t\t<div class=\"elementor-element elementor-element-a85885e elementor-widget elementor-widget-heading\" data-id=\"a85885e\" data-element_type=\"widget\" data-widget_type=\"heading.default\">\n\t\t\t\t<div class=\"elementor-widget-container\">\n\t\t\t\t\t<h2 class=\"elementor-heading-title elementor-size-default\">Plan d'acc\u00e8s au stade<\/h2>\t\t\t\t<\/div>\n\t\t\t\t<\/div>\n\t\t\t\t\t<\/div>\n\t\t\t\t<\/div>\n\t\t<div class=\"elementor-element elementor-element-5c64172 e-flex e-con-boxed e-con e-parent\" data-id=\"5c64172\" data-element_type=\"container\">\n\t\t\t\t\t<div class=\"e-con-inner\">\n\t\t\t\t<div class=\"elementor-element elementor-element-b21fadc elementor-widget elementor-widget-image\" data-id=\"b21fadc\" data-element_type=\"widget\" data-widget_type=\"image.default\">\n\t\t\t\t<div class=\"elementor-widget-container\">\n\t\t\t\t\t\t\t\t\t\t\t\t\t\t\t<img fetchpriority=\"high\" decoding=\"async\" width=\"800\" height=\"450\" src=\"https:\/\/juvignac-rc.fr\/wp-content\/uploads\/2025\/02\/Parkings-1024x576.png\" class=\"attachment-large size-large wp-image-1878\" alt=\"\" srcset=\"https:\/\/juvignac-rc.fr\/wp-content\/uploads\/2025\/02\/Parkings-1024x576.png 1024w, https:\/\/juvignac-rc.fr\/wp-content\/uploads\/2025\/02\/Parkings-300x169.png 300w, https:\/\/juvignac-rc.fr\/wp-content\/uploads\/2025\/02\/Parkings-768x432.png 768w, https:\/\/juvignac-rc.fr\/wp-content\/uploads\/2025\/02\/Parkings-1536x864.png 1536w, https:\/\/juvignac-rc.fr\/wp-content\/uploads\/2025\/02\/Parkings.png 1920w\" sizes=\"(max-width: 800px) 100vw, 800px\" \/>\t\t\t\t\t\t\t\t\t\t\t\t\t\t\t<\/div>\n\t\t\t\t<\/div>\n\t\t\t\t\t<\/div>\n\t\t\t\t<\/div>\n\t\t<div class=\"elementor-element elementor-element-5a56328 e-flex e-con-boxed e-con e-parent\" data-id=\"5a56328\" data-element_type=\"container\">\n\t\t\t\t\t<div class=\"e-con-inner\">\n\t\t\t\t<div class=\"elementor-element elementor-element-4a367aa elementor-widget elementor-widget-heading\" data-id=\"4a367aa\" data-element_type=\"widget\" data-widget_type=\"heading.default\">\n\t\t\t\t<div class=\"elementor-widget-container\">\n\t\t\t\t\t<h2 class=\"elementor-heading-title elementor-size-default\">Comment venir...<\/h2>\t\t\t\t<\/div>\n\t\t\t\t<\/div>\n\t\t\t\t<div class=\"elementor-element elementor-element-db92599 elementor-widget elementor-widget-text-editor\" data-id=\"db92599\" data-element_type=\"widget\" data-widget_type=\"text-editor.default\">\n\t\t\t\t<div class=\"elementor-widget-container\">\n\t\t\t\t\t\t\t\t\t<p>Chemin du grand ch\u00eane blanc, au bout de la rue, passer le portail, aller jusqu&rsquo;au petit rond point.<\/p><p>Parkings \u00e0 disposition.<\/p><p>Club house, 1er b\u00e2timent \u00e0 gauche du rond point.<\/p><p>Stade en contre bas, passer \u00e0 pied la barri\u00e8re rouge.<\/p>\t\t\t\t\t\t\t\t<\/div>\n\t\t\t\t<\/div>\n\t\t\t\t\t<\/div>\n\t\t\t\t<\/div>\n\t\t\t\t<\/div>\n\t\t","protected":false},"excerpt":{"rendered":"<p>Plan d&rsquo;acc\u00e8s au stade Comment venir&#8230; Chemin du grand ch\u00eane blanc, au bout de la rue, passer le portail, aller jusqu&rsquo;au petit rond point. Parkings \u00e0 disposition. Club house, 1er b\u00e2timent \u00e0 gauche du rond point. Stade en contre bas, passer \u00e0 pied la barri\u00e8re rouge.<\/p>\n","protected":false},"author":1,"featured_media":0,"parent":0,"menu_order":0,"comment_status":"closed","ping_status":"closed","template":"elementor_header_footer","meta":{"footnotes":""},"class_list":["post-320","page","type-page","status-publish","hentry"],"_links":{"self":[{"href":"https:\/\/juvignac-rc.fr\/index.php\/wp-json\/wp\/v2\/pages\/320","targetHints":{"allow":["GET"]}}],"collection":[{"href":"https:\/\/juvignac-rc.fr\/index.php\/wp-json\/wp\/v2\/pages"}],"about":[{"href":"https:\/\/juvignac-rc.fr\/index.php\/wp-json\/wp\/v2\/types\/page"}],"author":[{"embeddable":true,"href":"https:\/\/juvignac-rc.fr\/index.php\/wp-json\/wp\/v2\/users\/1"}],"replies":[{"embeddable":true,"href":"https:\/\/juvignac-rc.fr\/index.php\/wp-json\/wp\/v2\/comments?post=320"}],"version-history":[{"count":16,"href":"https:\/\/juvignac-rc.fr\/index.php\/wp-json\/wp\/v2\/pages\/320\/revisions"}],"predecessor-version":[{"id":1881,"href":"https:\/\/juvignac-rc.fr\/index.php\/wp-json\/wp\/v2\/pages\/320\/revisions\/1881"}],"wp:attachment":[{"href":"https:\/\/juvignac-rc.fr\/index.php\/wp-json\/wp\/v2\/media?parent=320"}],"curies":[{"name":"wp","href":"https:\/\/api.w.org\/{rel}","templated":true}]}}