{"id":3,"date":"2024-01-10T19:58:37","date_gmt":"2024-01-10T18:58:37","guid":{"rendered":"http:\/\/juvignac-rc.fr\/V2024\/?page_id=3"},"modified":"2024-05-27T13:55:09","modified_gmt":"2024-05-27T11:55:09","slug":"politique-de-confidentialite","status":"publish","type":"page","link":"https:\/\/juvignac-rc.fr\/index.php\/politique-de-confidentialite\/","title":{"rendered":"Politique de confidentialit\u00e9"},"content":{"rendered":"\t\t<div data-elementor-type=\"wp-page\" data-elementor-id=\"3\" class=\"elementor elementor-3\" data-elementor-post-type=\"page\">\n\t\t\t\t<div class=\"elementor-element elementor-element-b056cb2 e-flex e-con-boxed e-con e-parent\" data-id=\"b056cb2\" data-element_type=\"container\">\n\t\t\t\t\t<div class=\"e-con-inner\">\n\t\t\t\t<div class=\"elementor-element elementor-element-6f9ee10 elementor-widget elementor-widget-text-editor\" data-id=\"6f9ee10\" data-element_type=\"widget\" data-widget_type=\"text-editor.default\">\n\t\t\t\t<div class=\"elementor-widget-container\">\n\t\t\t\t\t\t\t\t\t<p><span style=\"font-weight: 400;\">La pr\u00e9sente politique de confidentialit\u00e9 d\u00e9finit et vous informe de la mani\u00e8re dont <a href=\"https:\/\/juvignac-rc.fr\">juvignac-rc.fr<\/a><\/span><i><span style=\"font-weight: 400;\">\u00a0<\/span><\/i><span style=\"font-weight: 400;\">utilise et prot\u00e8ge les informations que vous nous transmettez, le cas \u00e9ch\u00e9ant, lorsque vous utilisez le pr\u00e9sent site accessible \u00e0 partir de l\u2019URL suivante : <a href=\"https:\/\/juvignac-rc.fr\">https:\/\/juvignac-rc.fr<\/a>\u00a0<\/span><span style=\"font-weight: 400;\">(ci- apr\u00e8s le \u00ab Site \u00bb).<\/span><\/p><p><span style=\"font-weight: 400;\">Veuillez noter que cette politique de confidentialit\u00e9 est susceptible d\u2019\u00eatre modifi\u00e9e ou compl\u00e9t\u00e9e \u00e0 tout moment par <a href=\"https:\/\/juvignac-rc.fr\">juvignac-rc.fr<\/a><\/span><span style=\"font-weight: 400;\">, notamment en vue de se conformer \u00e0 toute \u00e9volution l\u00e9gislative, r\u00e9glementaire, jurisprudentielle ou technologique.<\/span><\/p><p><span style=\"font-weight: 400;\">Dans un tel cas, la date de sa mise \u00e0 jour sera clairement identifi\u00e9e en t\u00eate de la pr\u00e9sente politique. Ces modifications engagent l\u2019utilisateur d\u00e8s leur mise en ligne. Il convient par cons\u00e9quent que l\u2019utilisateur consulte r\u00e9guli\u00e8rement la pr\u00e9sente politique de confidentialit\u00e9 et d\u2019utilisation des cookies afin de prendre connaissance de ses \u00e9ventuelles modifications.<\/span><\/p><p><b>Conform\u00e9ment au R\u00e8glement G\u00e9n\u00e9ral sur la Protection des Donn\u00e9es (General Data Protection R\u00e9gulation) adopt\u00e9 par le Parlement europ\u00e9en le 27 avril 2016, et \u00e0 la Loi Informatique et Libert\u00e9s du 6 janvier 1978 modifi\u00e9e, <a href=\"https:\/\/juvignac-rc.fr\">juvignac-rc.fr<\/a><\/b><b><i>\u00a0<\/i><\/b><b>vous informe des points suivants :<\/b><\/p><h1><b>Qui sommes-nous ?<\/b><\/h1><p><span style=\"font-weight: 400;\">L\u2019adresse de notre site Web est : <a href=\"https:\/\/juvignac-rc.fr\">https:\/\/juvignac-rc.fr<\/a><\/span><\/p><p><span style=\"font-weight: 400;\">G\u00e9rant : Gilles Weinfeld-Laborde<\/span><\/p><p><span style=\"font-weight: 400;\">Si\u00e8ge social : 8 rue des jardins de Melanie, 34990 Juvignac<\/span><\/p><p><span style=\"font-weight: 400;\">T\u00e9l\u00e9phone : 07 81 35 71 71<\/span><\/p><p><span style=\"font-weight: 400;\">SIRET (facultatif) :\u00a0<\/span><\/p><h1><b>Utilisation des donn\u00e9es personnelles collect\u00e9es<\/b><\/h1><p><span style=\"font-weight: 400;\">De mani\u00e8re g\u00e9n\u00e9rale, vous n\u2019\u00eates pas tenu de nous communiquer vos donn\u00e9es personnelles lorsque vous visitez notre site Internet <a href=\"https:\/\/juvignac-rc.fr\">juvignac-rc.fr<\/a><\/span><span style=\"font-weight: 400;\">.<\/span><\/p><p><span style=\"font-weight: 400;\">Cependant, ce principe comporte certaines exceptions. En effet, pour certains services propos\u00e9s par notre site, vous pouvez \u00eatre amen\u00e9s \u00e0 nous communiquer certaines donn\u00e9es telles que : votre nom, votre pr\u00e9nom et votre adresse \u00e9lectronique, notamment lorsque vous remplissez le formulaire qui vous est propos\u00e9 dans la rubrique \u00ab contact \u00bb. Dans tous les cas, vous pouvez refuser de fournir vos donn\u00e9es personnelles. Dans ce cas, vous ne pourrez pas utiliser les services du site, notamment celui de solliciter des renseignements sur notre soci\u00e9t\u00e9, ou de recevoir les lettres d\u2019information.<\/span><\/p><p><span style=\"font-weight: 400;\">Enfin, nous pouvons collecter de mani\u00e8re automatique certaines informations vous concernant lors d\u2019une simple navigation sur notre site Internet, notamment : des informations concernant l\u2019utilisation de notre site, comme les zones que vous visitez et les services auxquels vous acc\u00e9dez, votre adresse IP, le type de votre navigateur, vos temps d\u2019acc\u00e8s. De telles informations sont utilis\u00e9es exclusivement \u00e0 des fins de statistiques internes, de mani\u00e8re \u00e0 am\u00e9liorer la qualit\u00e9 des services qui vous sont propos\u00e9s. Les bases de donn\u00e9es sont prot\u00e9g\u00e9es par les dispositions de la loi n\u00b098-536 du 1er juillet 1998 transposant la directive 96\/9\/CE du 11 mars 1996 relative \u00e0 la protection juridique des bases de donn\u00e9es.<\/span><\/p><h2><b>Commentaires<\/b><\/h2><p><span style=\"font-weight: 400;\">Quand vous laissez un commentaire sur notre site web, les donn\u00e9es inscrites dans le formulaire de commentaire, mais aussi votre adresse IP et l\u2019agent utilisateur de votre navigateur sont collect\u00e9s pour nous aider \u00e0 la d\u00e9tection des commentaires ind\u00e9sirables.<\/span><\/p><h2><b>Formulaires de contact<\/b><\/h2><p><span style=\"font-weight: 400;\">En remplissant le formulaire de contact ou de demande de rappel, l\u2019utilisateur autorise l\u2019utilisation de ces renseignements afin de r\u00e9pondre aux demandes d\u2019information, de citations ou \u00e0 toute autre demande telle que l\u2019indique l\u2019en-t\u00eate du formulaire.<\/span><\/p><p><span style=\"font-weight: 400;\">Donn\u00e9es personnelles collect\u00e9es : nom, pr\u00e9nom et adresse \u00e9lectronique (<\/span><span style=\"font-weight: 400;\">\u00e0 modifier si besoin en fonction de ce qu\u2019on demande dans le formulaire<\/span><span style=\"font-weight: 400;\">).<\/span><\/p><p><span style=\"font-weight: 400;\">Dur\u00e9e de conservation : 36 mois. Vous pouvez \u00e0 tout moment demander l\u2019export ou l\u2019effacement de vos donn\u00e9es par e-mail : <\/span><span style=\"font-weight: 400;\"><a href=\"mailto:contact@juvignac-rc.fr\">contact@juvignac-rc.fr<\/a><\/span><\/p><h2><b>Cookies<\/b><\/h2><p><span style=\"font-weight: 400;\">Si vous d\u00e9posez un commentaire sur notre site, il vous sera propos\u00e9 d\u2019enregistrer votre nom, adresse de messagerie et site web dans des cookies. C\u2019est uniquement pour votre confort afin de ne pas avoir \u00e0 saisir ces informations si vous d\u00e9posez un autre commentaire plus tard. Ces cookies expirent au bout d\u2019un an.<\/span><\/p><p><span style=\"font-weight: 400;\">Le site <a href=\"https:\/\/juvignac-rc.fr\">juvignac-rc.fr<\/a><\/span><i><span style=\"font-weight: 400;\">\u00a0<\/span><\/i><span style=\"font-weight: 400;\">peut \u00eatre amen\u00e9 \u00e0 vous demander l\u2019acceptation des cookies pour des besoins de statistiques et d\u2019affichage. Un cookie est une information d\u00e9pos\u00e9e sur votre disque dur par le serveur du site que vous visitez. Il contient plusieurs donn\u00e9es qui sont stock\u00e9es sur votre ordinateur dans un simple fichier texte auquel un serveur acc\u00e8de pour lire et enregistrer des informations. Certaines parties de ce site ne peuvent \u00eatre fonctionnelles sans l\u2019acceptation de cookies.<\/span><\/p><h2><b>Contenu embarqu\u00e9 depuis d\u2019autres sites<\/b><\/h2><p><span style=\"font-weight: 400;\">Les articles de ce site peuvent inclure des contenus int\u00e9gr\u00e9s (par exemple des vid\u00e9os, images, articles\u2026). Le contenu int\u00e9gr\u00e9 depuis d\u2019autres sites se comporte de la m\u00eame mani\u00e8re que si le visiteur se rendait sur cet autre site. Ces sites web pourraient collecter des donn\u00e9es sur vous, utiliser des cookies, embarquer des outils de suivis tiers, suivre vos interactions avec ces contenus embarqu\u00e9s si vous disposez d\u2019un compte connect\u00e9 sur leur site web.<\/span><\/p><h2><b>Statistiques et mesures d\u2019audience<\/b><\/h2><p><span style=\"font-weight: 400;\">Aux fins de statistiques et mesures d\u2019audience nous utilisons Google Analytics. Pour en savoir plus, <\/span><a href=\"https:\/\/support.google.com\/analytics\/answer\/7667196\"><span style=\"font-weight: 400;\">cliquez ici.<\/span><\/a><\/p><h1><b>Utilisation et transmission de vos donn\u00e9es personnelles<\/b><\/h1><h2><b>Dur\u00e9es de stockage de vos donn\u00e9es<\/b><\/h2><p><span style=\"font-weight: 400;\">Si vous laissez un commentaire, le commentaire et ses m\u00e9tadonn\u00e9es sont conserv\u00e9s ind\u00e9finiment. Cela permet de reconna\u00eetre et approuver automatiquement les commentaires suivants au lieu de les laisser dans la file de mod\u00e9ration.<\/span><\/p><p><span style=\"font-weight: 400;\">Vos Informations personnelles sont conserv\u00e9es par <a href=\"https:\/\/juvignac-rc.fr\">juvignac-rc.fr<\/a><\/span><i><span style=\"font-weight: 400;\">\u00a0<\/span><\/i><span style=\"font-weight: 400;\">uniquement pour le temps correspondant \u00e0 la finalit\u00e9 de la collecte qui ne saurait en tout \u00e9tat de cause exc\u00e9der 36 mois pour les donn\u00e9es r\u00e9colt\u00e9es pour Google Analytics.<\/span><\/p><h2><b>Transmission de vos donn\u00e9es personnelles<\/b><\/h2><p><span style=\"font-weight: 400;\">Les commentaires des visiteurs peuvent \u00eatre v\u00e9rifi\u00e9s \u00e0 l\u2019aide d\u2019un service automatis\u00e9 de d\u00e9tection des commentaires ind\u00e9sirables.<\/span><\/p><p><span style=\"font-weight: 400;\">Seul <a href=\"https:\/\/juvignac-rc.fr\">juvignac-rc.fr<\/a><\/span><i><span style=\"font-weight: 400;\">\u00a0<\/span><\/i><span style=\"font-weight: 400;\">est destinataire de vos informations personnelles. Celles-ci, que ce soit sous forme individuelle ou agr\u00e9g\u00e9e, ne sont jamais transmises \u00e0 un tiers, nonobstant les sous-traitants auxquels <a href=\"https:\/\/juvignac-rc.fr\">juvignac-rc.fr<\/a>\u00a0<\/span><span style=\"font-weight: 400;\">fait appel.<\/span><\/p><p><span style=\"font-weight: 400;\">Ni <a href=\"https:\/\/juvignac-rc.fr\">juvignac-rc.fr<\/a>\u00a0<\/span><span style=\"font-weight: 400;\">ni l\u2019un quelconque de ses sous-traitants, ne proc\u00e8dent \u00e0 la commercialisation des donn\u00e9es personnelles des visiteurs et utilisateurs de son site. Vous \u00eates toutefois inform\u00e9s qu\u2019elles pourront \u00eatre divulgu\u00e9es en application d\u2019une loi, d\u2019un r\u00e8glement ou en vertu d\u2019une d\u00e9cision d\u2019une autorit\u00e9 r\u00e9glementaire ou judiciaire comp\u00e9tente.<\/span><\/p><h1><b>Propri\u00e9t\u00e9 intellectuelle<\/b><\/h1><p><span style=\"font-weight: 400;\">Tout le contenu du pr\u00e9sent sur le site <a href=\"https:\/\/juvignac-rc.fr\">juvignac-rc.fr<\/a><\/span><span style=\"font-weight: 400;\">, incluant, de fa\u00e7on non limitative, les graphismes, images, textes, vid\u00e9os, animations, sons, logos, gifs et ic\u00f4nes ainsi que leur mise en forme sont la propri\u00e9t\u00e9 exclusive de la soci\u00e9t\u00e9 \u00e0 l\u2019exception des marques, logos ou contenus appartenant \u00e0 d\u2019autres soci\u00e9t\u00e9s partenaires ou auteurs.<\/span><\/p><p><span style=\"font-weight: 400;\">Toute reproduction, distribution, modification, adaptation, retransmission ou publication, m\u00eame partielle, de ces diff\u00e9rents \u00e9l\u00e9ments est strictement interdite sans l\u2019accord expr\u00e8s par \u00e9crit de <a href=\"https:\/\/juvignac-rc.fr\">juvignac-rc.fr<\/a><\/span><span style=\"font-weight: 400;\">. Cette repr\u00e9sentation ou reproduction, par quelque proc\u00e9d\u00e9 que ce soit, constitue une contrefa\u00e7on sanctionn\u00e9e par les articles L.335-2 et suivants du Code de la propri\u00e9t\u00e9 intellectuelle. Le non-respect de cette interdiction constitue une contrefa\u00e7on pouvant engager la responsabilit\u00e9 civile et p\u00e9nale du contrefacteur. En outre, les propri\u00e9taires des contenus copi\u00e9s pourraient intenter une action en justice \u00e0 votre encontre.<\/span><\/p><h1><b>D\u00e9claration \u00e0 la CNIL<\/b><\/h1><p><span style=\"font-weight: 400;\">Conform\u00e9ment \u00e0 la loi 78-17 du 6 janvier 1978 (modifi\u00e9e par la loi 2004-801 du 6 ao\u00fbt 2004 relative \u00e0 la protection des personnes physiques \u00e0 l\u2019\u00e9gard des traitements de donn\u00e9es \u00e0 caract\u00e8re personnel) relative \u00e0 l\u2019informatique, aux fichiers et aux libert\u00e9s, ce site n\u2019a pas fait l\u2019objet d\u2019une d\u00e9claration aupr\u00e8s de la Commission nationale de l\u2019informatique et des libert\u00e9s (<\/span><a href=\"http:\/\/www.cnil.fr\/\"><span style=\"font-weight: 400;\">www.cnil.fr<\/span><\/a><span style=\"font-weight: 400;\">).<\/span><\/p><h1><b>Les droits que vous avez sur vos donn\u00e9es<\/b><\/h1><p><span style=\"font-weight: 400;\">Si vous avez un compte ou si vous avez laiss\u00e9 des commentaires sur le site, vous pouvez demander \u00e0 recevoir un fichier contenant toutes les donn\u00e9es personnelles que nous poss\u00e9dons \u00e0 votre sujet, incluant celles que vous nous avez fournies. Vous pouvez \u00e9galement demander l\u2019effacement des donn\u00e9es personnelles vous concernant. Cela ne prend pas en compte les donn\u00e9es stock\u00e9es \u00e0 des fins administratives, l\u00e9gales ou pour des raisons de s\u00e9curit\u00e9.<\/span><\/p><p><span style=\"font-weight: 400;\">Vous disposez \u00e0 tout moment d\u2019un droit d\u2019acc\u00e8s, de modification, de rectification et d\u2019effacement de vos donn\u00e9es personnelles, que vous pouvez exercer en nous \u00e9crivant \u00e0 l\u2019adresse email (<\/span><span style=\"font-weight: 400;\"><a href=\"mailto:contact@juvignac-rc.fr\">contact@juvignac-rc.fr<\/a><\/span><span style=\"font-weight: 400;\">), \u00e0 l\u2019adresse postale (voir plus haut) ou en utilisant le formulaire de contact pr\u00e9sent sur le site \u00e0 l\u2019adresse url suivante : https:\/\/juvignac-rc.fr\/contact\/<\/span><\/p>\t\t\t\t\t\t\t\t<\/div>\n\t\t\t\t<\/div>\n\t\t\t\t\t<\/div>\n\t\t\t\t<\/div>\n\t\t\t\t<\/div>\n\t\t","protected":false},"excerpt":{"rendered":"<p>La pr\u00e9sente politique de confidentialit\u00e9 d\u00e9finit et vous informe de la mani\u00e8re dont juvignac-rc.fr\u00a0utilise et prot\u00e8ge les informations que vous nous transmettez, le cas \u00e9ch\u00e9ant, lorsque vous utilisez le pr\u00e9sent site accessible \u00e0 partir de l\u2019URL suivante : https:\/\/juvignac-rc.fr\u00a0(ci- apr\u00e8s le \u00ab Site \u00bb). Veuillez noter que cette politique de confidentialit\u00e9 est susceptible d\u2019\u00eatre modifi\u00e9e [&hellip;]<\/p>\n","protected":false},"author":1,"featured_media":0,"parent":0,"menu_order":0,"comment_status":"closed","ping_status":"open","template":"","meta":{"footnotes":""},"class_list":["post-3","page","type-page","status-publish","hentry"],"_links":{"self":[{"href":"https:\/\/juvignac-rc.fr\/index.php\/wp-json\/wp\/v2\/pages\/3","targetHints":{"allow":["GET"]}}],"collection":[{"href":"https:\/\/juvignac-rc.fr\/index.php\/wp-json\/wp\/v2\/pages"}],"about":[{"href":"https:\/\/juvignac-rc.fr\/index.php\/wp-json\/wp\/v2\/types\/page"}],"author":[{"embeddable":true,"href":"https:\/\/juvignac-rc.fr\/index.php\/wp-json\/wp\/v2\/users\/1"}],"replies":[{"embeddable":true,"href":"https:\/\/juvignac-rc.fr\/index.php\/wp-json\/wp\/v2\/comments?post=3"}],"version-history":[{"count":9,"href":"https:\/\/juvignac-rc.fr\/index.php\/wp-json\/wp\/v2\/pages\/3\/revisions"}],"predecessor-version":[{"id":1360,"href":"https:\/\/juvignac-rc.fr\/index.php\/wp-json\/wp\/v2\/pages\/3\/revisions\/1360"}],"wp:attachment":[{"href":"https:\/\/juvignac-rc.fr\/index.php\/wp-json\/wp\/v2\/media?parent=3"}],"curies":[{"name":"wp","href":"https:\/\/api.w.org\/{rel}","templated":true}]}}